5/(-50) is divided by 183?
26
Let q = 217 - 118. Let h = 139 - q. Let p = -14 + h. What is the remainder when 76 is divided by p?
24
Let u = 11271 - 11196. What is the remainder when 504 is divided by u?
54
Let j = 589 + -582. Suppose 256 = -0*m + 4*m. Calculate the remainder when m is divided by 13 + (7 - j)/2.
12
Let m be ((-266)/126)/(-19) + (-70)/(-18). Suppose -3*g = -8 - 58. What is the remainder when -42*(-5 + m) - 0 is divided by g?
20
Let p be 24/5 + (33/15 - 2). Let n(d) = -d**3 - 9*d**2 + 22*d + 6. What is the remainder when 5/(4*p/60) is divided by n(-11)?
3
Let d = -18869 - -22810. Calculate the remainder when d is divided by 15.
11
Let h = -5269 + 5298. What is the remainder when 4349 is divided by h?
28
Suppose -6301 = d - 6305. Let f = 3 + 3. What is the remainder when f is divided by d?
2
Calculate the remainder when 1647/(-12)*-94*(-14)/(-21) is divided by 46.
45
Let r = 3924 - 2978. What is the remainder when r is divided by 19?
15
Let v be 2 + (-5706)/(-48) + 1/8. Let x = v - 93. Calculate the remainder when 184 is divided by x.
16
Let w(f) be the first derivative of -f**3/3 - 6*f**2 - 9*f + 26. Suppose 3*g + 36 - 9 = 0. Calculate the remainder when 33 is divided by w(g).
15
Suppose 22*l = 33*l - 5104. Suppose 4*y - 4*h - l = 0, 4*y + 6*h = 5*h + 464. Calculate the remainder when y is divided by 17.
14
Suppose 0 = k + 2, -3*m = -m + 5*k + 2. Suppose -559 = 17*g - 1783. Let u = g - 69. What is the remainder when m is divided by u?
1
Let g be 25/(2100/(-24)) - (-214)/14. Suppose g*x - 812 = 718. Let f(u) = -u**3 - 5*u**2 - 5*u + 1. What is the remainder when x is divided by f(-5)?
24
Let y(j) be the first derivative of 3*j**3 + 7*j**2/2 + 4*j - 35. What is the remainder when y(-3) is divided by 23?
18
Suppose -4*h + 2*p - 56 = 0, 4*h + 3*p - 9 = 5*h. Let q = h + 26. Suppose 102*a - 96*a - 126 = 0. Calculate the remainder when a is divided by q.
10
Let w be ((-13930)/(-35))/((-2)/4). Let k = w - -1199. What is the remainder when k is divided by 68?
63
Let v be (-56)/140 - 122/(-5). Suppose -27*m = -v*m. Suppose 8*x = -m*x + 424. Calculate the remainder when x is divided by 18.
17
Let n be (-706)/(-4) - (-39)/26. Suppose 5*z = 12 + n. What is the remainder when 74 is divided by z?
36
What is the remainder when 647 is divided by 7/(91*(-7)/(-1638))?
17
Suppose -3*s + 41 = 3*x + 5, x = 27*s - 268. Suppose -2*n + 2 = 4*a, 2*a - 3*a + 5 = -4*n. What is the remainder when x is divided by a?
0
Suppose 36*v - 130801 = 27815. What is the remainder when v is divided by 90?
86
Suppose 3*g - 5*a + 253 = 0, 4*a = -3*g + 8*g + 413. Let c = -4 - g. What is the remainder when c is divided by 2/8 + 159/4?
37
Suppose 2*l - 2*v - v = 1937, -1967 = -2*l - 3*v. Calculate the remainder when l is divided by 14.
10
Let x(k) = -k**2 + 11*k - 22. Let w be x(8). Suppose -366 = -5*g + w*u, 5*u + 154 = 5*g - 221. What is the remainder when 213 is divided by g?
69
Let r = -19375 + 22292. Calculate the remainder when r is divided by 21.
19
Let t(z) = 425*z - 4120. Calculate the remainder when 3246 is divided by t(10).
126
Suppose -153*f - 12472 = -160*f + 6036. What is the remainder when f is divided by 1317?
10
Let o be (1 - 0)/((-161)/(-27) + -6). Let n = o + 32. Suppose -29 = -4*i + c, 4*i - 49 = -0*c + n*c. What is the remainder when 14 is divided by i?
2
Let s(n) = -10*n**3 + 3*n**2 + 10*n + 8. What is the remainder when 350 is divided by s(-1)?
9
Suppose 4*b = -5*p + 490, 0 = -p + 2*b + 87 + 11. What is the remainder when 2154 is divided by p?
96
Suppose -94 = -12*b - 10. Suppose -24*p - b = -511. What is the remainder when 94 is divided by p?
10
Let p = 483 + -469. Suppose 528 = p*d - 3*d. Calculate the remainder when 283 is divided by d.
43
Let h = -192303 - -192326. Let s = 603 - 291. Calculate the remainder when s is divided by h.
13
Suppose -3*r + 36 = -159. Suppose 9*h - r - 16 = 0. What is the remainder when 19 is divided by h?
1
Suppose 0 = -n + 7*j + 521, 4*n - 5*j - 592 - 1630 = 0. What is the remainder when n is divided by 139?
7
Suppose 37 + 63 = 5*k. Suppose 50 = 7*v - k. Suppose 6*c = v*c - 388. What is the remainder when c is divided by 20?
17
Let a(j) = -2*j**2 + 19*j + 12. Let x(i) = 2*i**3 + 23*i**2 - 12*i + 9. Let g be x(-12). Calculate the remainder when 271 is divided by a(g).
19
Suppose -5*w - 3*t + 4*t = -13, -w + 3*t + 11 = 0. Suppose 0 = w*k - 2*c - 86, -3*k - 3*c + 81 = -42. Calculate the remainder when k is divided by 27.
15
Suppose -2*o + 0*o = -20. Suppose -2*v = -7*v + o. What is the remainder when v is divided by ((-90)/(-135))/(-2 - (-24)/9)?
0
Let h be 1*(-1 - (-5 - 1)). Suppose 4*c - 351 = 5*s + 19, h*s = -5*c + 440. What is the remainder when c is divided by 7?
6
Let m = -686 + 736. Calculate the remainder when 53 is divided by m.
3
Let a = 20 - 10. Let n = -8 + a. Suppose k - 8 = n. Calculate the remainder when k is divided by 6.
4
Let d(s) = -29*s + 17*s**2 - 30 + 2*s - 1 - s**3. What is the remainder when 35 is divided by d(15)?
7
Let f = -6926 - -6969. Let h = 242 + -115. What is the remainder when h is divided by f?
41
Suppose -9*m = -2*v - 8*m + 988, -v - 2*m = -499. What is the remainder when v is divided by 463?
32
Suppose -11*p + 326 + 4 = 0. Suppose 5*c = 0, 2*c = 4*v + c - 40. Let r = v - -79. Calculate the remainder when r is divided by p.
29
Suppose 0*j - j + 14 = 0. Suppose 6*s = 5*s + j. What is the remainder when (-211)/(-8) + ((-77)/56 - -1) is divided by s?
12
Let l(z) = -5*z + 23. Let u be l(4). Suppose 0 = -4*o + u*a - 12, -o - 3*a = 2*o - 12. Let b(t) = -7*t + 6. Calculate the remainder when 17 is divided by b(o).
5
Suppose 89890 + 73370 = 907*m. Suppose -26 = -2*t + k + 2, -3*t + 29 = 5*k. Calculate the remainder when m is divided by t.
11
Suppose g - 14 = -0*g. Let v(s) = 11*s + 1. Let p be v(5). Suppose -57*z = -p*z - 54. Calculate the remainder when z is divided by g.
12
Let l(o) = 5*o - 27. Let c(v) = -3*v + 18. Let w(m) = 8*c(m) + 5*l(m). Let k be w(-5). What is the remainder when (k + 1 + -4)*17 is divided by 4?
1
Suppose c + 5*g = 72, -2*c + 3*g + 38 = -41. Suppose -49*r + 16 = -c*r. Calculate the remainder when r is divided by 3.
2
Suppose 2*k - 5*k = -120. Suppose 5*u + 5*n - 80 = 0, -u - 11 = -4*n - 2. Calculate the remainder when k is divided by u.
7
Let d(w) = -94*w - 2522. What is the remainder when d(-28) is divided by 49?
12
What is the remainder when (118 + -1)*46/(-3726)*-9 is divided by 21*(1 + -2)/(-3)?
6
Suppose -1390 + 1300 = -3*b. Calculate the remainder when 537 is divided by b.
27
Calculate the remainder when (-42)/56 + (-4245)/(-12) is divided by 98.
59
Suppose 13*w = 889 - 499. What is the remainder when 8459 is divided by w?
29
Let w = -339 + 368. What is the remainder when 2953 is divided by w?
24
Suppose x + j = 3448, 7736 = 5*x + j - 9472. What is the remainder when x is divided by 685?
15
Let v = -14 - -18. Suppose v*x - 271 = -4*y + 49, 0 = 2*y - 2*x - 144. What is the remainder when y is divided by 13?
11
Let y = 7587 - 7459. Calculate the remainder when 149 is divided by y.
21
Suppose -41*a - 5*x + 280 = -40*a, 0 = -4*a - 4*x + 1040. What is the remainder when a is divided by 88?
79
Suppose 306 - 871 - 263 = -9*n. What is the remainder when 257 is divided by n?
73
Let y = 181 + -118. What is the remainder when y is divided by ((-5644)/1162)/((-8)/28)?
12
Suppose 1245*w = 1267*w - 1562. What is the remainder when w is divided by 27?
17
Let u = -3 - -22. Suppose -u*f - 1332 = -31*f. What is the remainder when 215 is divided by f?
104
Let o(n) = 287*n - 2005. Calculate the remainder when 790 is divided by o(7).
2
Suppose 6*x = 7*x - 4. Suppose -5 = -3*a - a - 3*v, -2*a = -x*v - 30. Suppose c - a = 6. Calculate the remainder when 17 is divided by c.
6
Suppose 14 = -11*a - 52. Calculate the remainder when -6*4/a - -138 is divided by 12.
10
Let r(v) = -105*v - 814. What is the remainder when 191 is divided by r(-9)?
60
Suppose 7*q - 3811 - 1710 = 8521. What is the remainder when q is divided by 400?
6
Let j be 1164/6 - (-3)/1. Suppose 25 = -i + j. Calculate the remainder when i is divided by 58.
56
Suppose -n + 5*n = 232. Suppose 49270 = 1315*p - 91435. What is the remainder when p is divided by n?
49
Suppose 4*v + 197*m = 196*m + 81, v + 6 = 5*m. Calculate the r